
6
Let n = 14 + -13. Let c = 27 - n. Calculate the greatest common divisor of 39 and c.
13
Let h = 9 - 1. Let d(f) = f**2 - 8*f - 11. Let c be d(h). Let z(o) = -2*o - 6. Let p be z(c). Calculate the greatest common factor of p and 16.
16
Suppose -2*b + 3 - 14 = -3*j, 4*b + 17 = 5*j. Suppose -7*d + 15 = -b*d. What is the highest common factor of 6 and d?
3
Suppose v - 2*v + 1 = 0. Let i be (0 - -154)/v - 1. Let k = -63 + i. What is the greatest common divisor of 10 and k?
10
Let j be (-1)/1 + -3 + 4. Let k be j*(0 + (-1)/(-2)). Suppose -w + 10 = -k*w. Calculate the highest common divisor of 40 and w.
10
Suppose -2*h = u - 4*h + 12, 4*u - 3*h + 23 = 0. Let o be (58 - u)*(-1)/(-3). What is the greatest common factor of o and 8?
4
Let f be 43 - 5/(20/16). What is the highest common divisor of 13 and f?
13
Suppose -2*n - 64 - 61 = -5*u, 4*n = -3*u + 101. Calculate the greatest common divisor of u and 18.
9
Let n = 5 + 11. Calculate the greatest common divisor of 2 and n.
2
Let w(f) = -2*f + 30. Let l be w(11). What is the highest common factor of 16 and l?
8
Suppose 3*w + 17 = 4*w - 3*p, 4*p = -2*w + 14. What is the greatest common divisor of w and 77?
11
Let l be 3/(-9) + (-50)/(-6). Suppose -s = -y + l, 2*s + s + 3 = 0. Calculate the highest common divisor of y and 7.
7
Let a(w) = 2*w + 37. Let u be a(-13). What is the greatest common factor of 33 and u?
11
Let p be (-94)/(-4) + 140/(-56). Calculate the highest common factor of p and 7.
7
Let v = -6 + 6. Suppose v = -3*z - 4*k + 104, -3*k + 68 = 2*z - 0*z. Calculate the highest common divisor of 5 and z.
5
Suppose -n - 20 = -6*n. Let z be -32*-2*2/n. Let g(l) = -l**2 + 9*l - 2. Let u be g(6). Calculate the highest common factor of z and u.
16
Suppose 18 + 0 = 3*h. Suppose -6*p + 12 = -2*p, 2*p - 132 = -3*a. What is the highest common divisor of a and h?
6
Suppose -r + 26 = 5. Suppose -n + r = 3*i, -8*n - 5*i + 155 = -3*n. Calculate the highest common divisor of 12 and n.
12
Let m(l) = -l**3 - 12*l**2 - 13*l - 9. Let x be m(-11). Calculate the highest common divisor of x and 182.
13
Suppose -9*v + 22 = -8*v. Suppose 0 = 2*w - w - 44. What is the highest common divisor of v and w?
22
Suppose -b + 1 = -l - 0*b, 7 = -3*l + 4*b. Suppose 0 = -l*q + 38 + 25. Calculate the greatest common divisor of q and 147.
21
Let f = 1 - -7. Let w = -77 + 125. Suppose 0 = -2*d - 0*d + w. What is the highest common divisor of d and f?
8
Let d(h) = h**2 + 4*h - 27. Let i be d(-8). Calculate the greatest common divisor of 1 and i.
1
Suppose -2*b - 3*b - 45 = 0. Let u = 24 + b. What is the greatest common divisor of u and 105?
15
Let q(d) = 2*d - 6. Suppose 18 = 2*u + 6. Let p be q(u). Suppose 0 = c - 4, 4*c - c = 3*t - 60. What is the greatest common divisor of t and p?
6
Suppose 6 - 1 = -5*k. Let p be k/(-3) + (-53)/(-3). What is the greatest common divisor of p and 126?
18
Suppose 2*y - 8 = -0*y. Suppose y*x - 7 = 3*x. Calculate the highest common divisor of x and 28.
7
Suppose -5*s = 10, 0 = 5*j + 2*s - 55 + 19. Suppose 0 = -4*a + 9 + 7. Suppose -a = -4*x - 0. What is the highest common divisor of j and x?
1
Let f = -205 - -469. What is the greatest common factor of 24 and f?
24
Suppose 4*v = 6*v - 704. What is the greatest common divisor of 32 and v?
32
Suppose -3*f + 2*d = -54, 2*f - 71 = -2*f + 3*d. What is the highest common factor of f and 2?
2
Let h(z) = 4*z**2 + 3*z - 7. Let t be h(-7). What is the greatest common divisor of 21 and t?
21
Let z = 56 + 8. Calculate the greatest common divisor of 96 and z.
32
Let k = -9 + 23. What is the highest common divisor of 42 and k?
14
Suppose 0 = 3*d - 9, -4*u + 5*d + 208 = 3. What is the greatest common divisor of 11 and u?
11
Suppose 5*j = 5, 0*j - 2*j = -d + 148. Let v be d + (3 - -3)/2. Calculate the greatest common divisor of v and 17.
17
Let w = -9 - -9. Let v be 48*((-6)/(-9) + w). Calculate the highest common factor of 16 and v.
16
Suppose -h = 2*z - 35, -z - h + 8 = -7. Suppose 0 = -4*r - r - 20. Let l be (r*2)/(1*-1). What is the greatest common factor of z and l?
4
Let j(v) = v + 126. Let r be j(0). Let y be 4/(-3)*(155/(-10) + 5). What is the highest common factor of y and r?
14
Let p be (-3 - (-1 + 1)) + 9. Let t be (-18)/(-4)*4/p. What is the greatest common divisor of 3 and t?
3
Suppose -i = -6*i. Suppose i = -4*c + 2*a + 54, 0 = 7*a - 2*a + 25. What is the greatest common divisor of c and 110?
11
Let s = 4 - -13. Let u be (-17)/((1/12)/(-1)). Suppose 3*n - u = -0*n. What is the highest common factor of n and s?
17
Suppose o = -2*o + 12. Calculate the highest common factor of o and 36.
4
Let d be 10/8*(18 + -10). Calculate the highest common divisor of 50 and d.
10
Suppose 0 = 4*h - 0*h - 8. Suppose -4*m - 3 = -0*m + 5*o, h*o = -6. Suppose -z + m = -16. Calculate the greatest common divisor of 152 and z.
19
Let b be ((-12)/(-9) - -3)*(-78)/(-2). What is the highest common factor of 13 and b?
13
Let d(c) = 2*c + 1. Let k be d(3). What is the greatest common divisor of k and 14?
7
Suppose -2*h - 5*y + 50 = h, 5*y = 20. Suppose -d + 25 = -2*o - o, -h = -d - 2*o. Calculate the highest common divisor of 144 and d.
16
Let f be (2/2 + 8)*4. Suppose 0 = 3*x - 40 + 4. Calculate the highest common factor of x and f.
12
Let y = 25 - -27. What is the greatest common divisor of y and 78?
26
Let q(x) = -11*x**3 + x**2 + 4*x + 2. Let l be q(-1). What is the highest common divisor of 25 and l?
5
Let n(k) = -3*k**2 + 2*k - 1. Let u be n(1). Let h be (1/(-2))/(u/12). Suppose -h*z - 72 = -6*z. Calculate the highest common factor of 12 and z.
12
Suppose r + h = 14, -17 = -3*r + h + 5. Suppose -4 = -5*b + 2*b + u, 5*b + u = 20. What is the greatest common divisor of r and b?
3
Suppose -5*l = s - 36, s + 3 + 9 = l. Suppose -2*o + 229 = -5*i, -2*i - 263 = -5*o + 299. Suppose -o = -2*k - 0*k. What is the highest common factor of k and l?
8
Let a(k) = k - 10. Let v be a(11). What is the highest common factor of 7 and v?
1
Let b be (1 - 4)*805/(-69). Calculate the greatest common divisor of 21 and b.
7
Let a = -11 - -31. Let n = -7 + a. Calculate the greatest common factor of n and 91.
13
Let q(j) = 2*j**2 + 3*j - 12. Let i be q(-6). What is the highest common divisor of i and 14?
14
Let f(p) = -p**3 - 4*p**2 - 6*p - 9. Suppose -4*o - 18 = 5*a, -a - 4*o - 12 = 3*a. Let v be f(a). What is the highest common divisor of v and 9?
9
Let r(d) = 19*d**2 + d - 1. Let m be r(1). Let h(k) = -k - 11. Let j be h(10). Let v be (-1191)/(-21) - 6/j. Calculate the greatest common divisor of m and v.
19
Let h(c) = 2*c**3 - 5*c**2 - 5*c + 12. Let d be h(5). What is the greatest common factor of d and 16?
16
Let m be -2*((-71)/3 - (-19)/(-57)). What is the greatest common factor of 3 and m?
3
Let a be (-30)/9*9/(-5). What is the greatest common factor of 6 and a?
6
Suppose -10*b + 165 = b. What is the highest common divisor of b and 45?
15
Suppose -2*y + 9 = -3. Suppose -20 = -r - y. Suppose -3*v = -5*u - 74, v + u - 20 = 10. Calculate the greatest common factor of v and r.
14
Let a be (-21)/((2/8)/(52/(-16))). Calculate the highest common divisor of a and 39.
39
Let g(m) = -17*m - 14. Let b be g(-7). What is the highest common factor of b and 21?
21
Let j = 182 + -78. Let k be (3/(-1))/((-3)/j). Calculate the greatest common divisor of k and 13.
13
Let x = -15 + 37. Calculate the greatest common factor of x and 22.
22
Suppose 1528 = 4*d - 408. What is the greatest common divisor of d and 44?
44
Suppose 5*j - 750 = -5*g, 3*j + 9*g - 420 = 12*g. What is the highest common factor of j and 58?
29
Let c = -24 - -25. Let m be (1/2)/((-3)/(-12)). Suppose 3*l - 39 = -m*x, 2*l - 18 + 2 = 2*x. What is the greatest common factor of c and l?
1
Let s = 21 - 45. Suppose -3*w + 90 = -90. Let y = s + w. Calculate the greatest common divisor of y and 24.
12
Suppose -3*f + 13 = -2*f. Let h = -1 + f. Calculate the highest common divisor of 12 and h.
12
Let l be 79/9 + (-14)/(-63). Let a = 19 + l. Calculate the highest common factor of 14 and a.
14
Let x be -3 - -2 - -7*(-14)/(-2). Let z = 3 + -5. Let u = z + 34. Calculate the greatest common factor of u and x.
16
Let w = 19 + -9. Let x(k) = -23*k - 3. Let s(r) = 45*r + 5. Let c(f) = -3*s(f) - 5*x(f). Let m be c(-1). Calculate the highest common factor of m and w.
